
-6
What is the value of -3 + 6 + -3 - 4?
-4
What is the value of -5 - -6 - (-2 + -3)?
6
Calculate 2 - (6 + -15) - 6 - 5.
0
(2 + -8 + 3 - 0) + -2
-5
-30 + (21 - 10) - -9
-10
What is the value of 0 + 10 + -7 + -4?
-1
What is the value of 5 + -3 + -5 - -4?
1
Evaluate 0 - 4 - (-2 - -6 - 10).
2
What is the value of (-1 - 1) + (-7 - (1 - 7))?
-3
Calculate (1 - -2) + 41 + -39.
5
What is 5 + 0 + 4 + -9?
0
-13 - (-14 + (-5 - -11))
-5
Calculate -14 - (4 - (-3 - -16)).
-5
Evaluate 6 - (7 + -4 + -1).
4
What is the value of -1 + -5 + 10 + -4 - 3?
-3
What is 0 + -8 + 9 + -2 + 3?
2
What is 6 - (-1 + -1) - (4 + 0)?
4
Evaluate (-3 - 1) + 4 + -4.
-4
Calculate -4 + -2 + 6 + 4.
4
-4 + -6 + (-1 - -10)
-1
Evaluate -5 - (0 - (0 + 0)) - -3.
-2
(2 - (2 + -2)) + -1
1
Evaluate 9 + (2 - 11) + -6.
-6
5 + -2 + -1 + -5 + 4
1
What is -1 + 9 + -4 - 1?
3
(6 - 7 - -4) + -8
-5
What is the value of 3 - (29 + -10 - 10)?
-6
Evaluate -1 - (-2 - -10) - (-9 - -7).
-7
0 - 0 - 4 - 1
-5
Evaluate 3 + (-2 + 3 - 1) - -2.
5
-1 - (-4 - (-7 + 9))
5
What is -9 + 18 + -2 - 10?
-3
Calculate 0 + 2 + 1 + -2 - 5.
-4
(0 - -14) + -85 + 78
7
Evaluate (-2 - -14) + -7 + -3 + -9.
-7
Evaluate -4 + -1 + 7 + 2.
4
What is -1 + (3 + -7 - (-5 + -1))?
1
2 + -5 - -4 - 4
-3
Calculate -7 + 3 - (1 - (-6 + 8)).
-3
What is the value of -5 - (1 + (0 - (7 - 1)))?
0
Evaluate 5 + -17 - (-3 - 7).
-2
Evaluate (-6 - 0 - -3) + (-2 - 0).
-5
-6 - -8 - (-6 - -5)
3
Evaluate 6 + -6 - (-6 - -2).
4
What is the value of -8 + -2 + 7 - -3 - -1?
1
What is the value of -7 + 0 - (8 + -16)?
1
What is 11 + -21 + 9 - -3?
2
Evaluate (4 - 1) + -9 + 9.
3
Evaluate 1 - (1 + 2) - (-21 - -19).
0
What is -5 + (1 - 0) + (57 - 52)?
1
What is 4 - (-4 - -6 - -3)?
-1
Evaluate 1 + -5 + 9 - 11.
-6
-88 + 85 + 0 + -1 + 0
-4
Evaluate 1 + -2 - (-10 + 26 + -12).
-5
What is (-1 - 0) + (1 - -7)?
7
What is 0 + 0 + 3 + 0 - -2?
5
Evaluate 29 - 20 - (1 + 17).
-9
What is the value of (2 - 4) + 15 + -10?
3
What is the value of 8 - 4 - 5 - (11 - 11)?
-1
What is -13 + (9 - (-7 - -10))?
-7
Evaluate -7 + (-4 - -7) + 3 + -5.
-6
(1 - -2) + -1 + (-3 - 3)
-4
(-10 - -1) + 15 + -8 + -2
-4
(-20 - -10) + (8 - -3)
1
(-5 - (-5 + 8 + -1)) + 11
4
What is the value of -11 + -5 + (-3 - -13) + 5?
-1
-1 - -7 - (28 + -20)
-2
What is the value of 2 - (8 - 6 - 1)?
1
What is 1 + (-1 - (2 + -1)) + 1?
0
(4 - -5 - 3) + -9 + 9
6
Calculate (-3 + 2 - -8) + -3 + -3.
1
Calculate 13 - 0 - 18 - -13.
8
What is (23 - (-21 + 38)) + 1 + -13?
-6
Calculate 3 - (14 - 6) - 0.
-5
Evaluate 0 - -1 - (-1 - (-18 + 10)).
-6
Calculate 2 + -2 - (1 - 1 - 0).
0
What is the value of 2 - (3 + -3 + 0 + 1)?
1
What is the value of -42 + 44 + (-1 + 0 - 4)?
-3
What is (-1 - -3 - -4) + (-2 - 1)?
3
What is (-4 + 4 - 0) + -3?
-3
What is 10 - 0 - (22 + -12)?
0
What is -8 + -5 + 4 + 4?
-5
What is the value of 0 + (5 - 12 - -5)?
-2
What is 2 + (4 - 3 - -2)?
5
Evaluate 1 - (-7 - -11) - -11.
8
What is -6 + (17 - 3) - 5?
3
What is the value of 8 + -15 - -4 - -7?
4
Calculate 0 - -2 - (-69 - -78).
-7
What is 3 - (4 - (1 + -3))?
-3
Calculate (-14 - (-3 - -5)) + 3 - -6.
-7
9 - (0 - -5) - (10 + -3)
-3
What is the value of -7 + -1 - (3 + (-5 - 3))?
-3
What is the value of 0 + -1 + (61 - 61)?
-1
What is the value of 0 + 2 + -5 - (0 + -8)?
5
Calculate -2 + (20 - 12) - (15 + 0).
-9
0 - (1 - (-4 - -6 - -4))
5
What is the value of -4 + 0 - -7 - 6?
-3
Calculate -3 + 9 + -7 + -2.
-3
Evaluate 1 - ((2 - 3) + -1 + -1).
4
What is 1 - 1 - (-4 + (7 - 1))?
-2
What is the value of 1 + -3 + 2 + 1?
1
What is the value of (0 - -3) + 4 + (-7 - 4)?
-4
What is the value of 13 + (0 - 8 - (6 + -7))?
6
What is -1 - (-5 + -1 + 1)?
4
-6 - -21 - 23 - -8
0
-5 + (-3 + 0 - -3 - -15)
10
Evaluate 2 - ((-18 - -15) + (-1 - -1)).
5
4 + (-1 - -5) + -3 + -4
1
What is the value of (-5 - 0 - 2) + (-8 - -19)?
4
What is the value of (0 - -3) + (-1 - 5)?
-3
Calculate 6 - 3 - (-6 - -3 - -3).
3
-10 + 18 - ((15 - 6) + 2)
-3
What is (-1 - 8) + 2 + 2?
-5
5 + 1 - (1 - -1)
4
Calculate 1 - (-1 + 1 - -5).
-4
6 + 5 + -1 + -7
3
15 - (12 + 3 + -5)
5
What is -11 - ((-6 - 5) + 2)?
-2
Evaluate 4 - (-2 + (1 - -4 - 0)).
1
3 + -12 - (8 + -19)
2
-2 + 2 + 5 + -12
-7
13 + (0 - (-8 + 17))
4
Evaluate -2 + 6 + -9 + 7 + 3.
5
What is the value of (-8 - -4) + -3 + (31 - 15)?
9
What is the value of (-4 - (8 + -4) - -3) + 8?
3
What is -1 + (3 + -9 - -2) + 7?
2
-2 + -7 + (-7 - -11)
-5
What is 4 - (2 + -2 + 2)?
2
What is (-3 - -3) + 3 + -1?
2
Evaluate 73 - 72 - ((-4 - 0) + 0).
5
What is 8 + -14 - (-3 - -3 - 0)?
-6
What is 1 + -2 + -3 + -1?
-5
-7 - (13 + -15 + -10)
5
Evaluate -28 + 29 + (1 - 6).
-4
-2 - (-27 + 20 + (1 - 2))
6
What is the value of 1 + (4 - 6) + 4?
3
Calculate -4 - (-5 + -1 + 4).
-2
What is -3 + 2 - (-9 + 0)?
8
0 - 7 - (1 - 9)
1
-14 + 13 + (-2 - (4 - 2))
-5
What is -2 + 1 + 5 + 1?
5
11 + -3 + -3 - 7
-2
What is the value of 2 + (-8 + (2 - 3) - -2)?
-5
Evaluate 3 + 6 + -6 - (2 - -8).
-7
What is 3 - (2 + 0 + -3 + 4)?
0
Evaluate -3 - (-2 - (-2 - -6)).
3
Evaluate 6 + (3 - 10 - (-3 + 0)).
2
Calculate 9 + (3 + -4 - 0) + -4.
4
-10 - (0 + -11 - 3)
4
Evaluate (-10 - -10) + -8 - (0 - 1).
-7
Evaluate (4 + -4 + 12 - -1) + -7.
6
3 + -3 + 1 - (-5 + 9)
-3
Evaluate 8 + -12 - 3 - -1.
-6
What is -1 + (-3 - (-2 + 1))?
-3
5 + (-4 + 8 - 4) + -2
3
Evaluate (-1 - -1) + -3 + 3.
0
What is the value of -9 - (8 + -11 - (-1 - 1))?
-8
-5 - -9 - (11 + -5)
-2
Evaluate -5 + (-4 - -5) + 5.
1
What is 17 + (-12 - -7) + -7?
5
-15 + (23 - 20) - (-7 + 0)
-5
(-4 - -3) + 2 + -2
-1
Calculate 9 - (4 + -5 + 6).
4
Calculate -2 + (-1 - -2) - (10 + -11).
0
-5 + (2 - (-3 - -5)) + 0
-5
Evaluate -20 - -21 - (1 + 1 - 1).
0
(-1 - 0) + (-11 - -11)
-1
6 - 10 - (2 + -1)
-5
What is (-6 - (-24 + 13)) + (1 - 1)?
5
What is -2 + 7 - (-4 + (2 - -5))?
2
What is the value of -113 + 117 - (-2 + 3 + -2)?
5
Calculate 2 + (0 - (1 - -2)) + 1.
0
Calculate (-5 + 4 - 3) + (3 - 0).
-1
What is -11 + 6 + -1 + 1 + 4?
-1
Evaluate 1 + (-3 - 1 - -6) + -7.
-4
What is the value of 2 + 1 - (2 - -5)?
-4
Evaluate -7 - ((-1 - 4) + 0).
-2
What is the value of (-1 - 0) + 0 + -6 + 3?
-4
4 - (11 + (-1 - -3) + -4)
-5
Calculate -8 - (7 + -11 + 2).
-6
Calculate 8 + (-1 - 3) - 0.
4
What is 3 + 3 - (-9 + 11)?
4
Calculate 3 - (-17 + 15 + (1 - -1)).
3
What is the value of -3 + (13 + -13 - (-6 - -2))?
1
3 + -1 + -5 + 1
-2
Calculate 4 - (8 + -7 + -4).
7
Calculate -7 - 16 - (-26 + 14).
-11
Evaluate (-2 - -3 - -1) + 2.
4
Calculate 1 - (-4 + -5 - -2 - 0).
8
Evaluate 4 + -4 + 1 + (2 - -1).
4
What is -1 + -1 + (5 - 0) + 0?
3
What is the value of 0 + 3 - 3 - -4?
4
What is the value of 3 - (2 - 3) - 1?
3
What is the value of 1 + (1 - (7 + -3)) + 3?
1
Evaluate 1 + (-15 + 13 - (-1 + 5)).
-5
Evaluate (2 - -3) + (-6 - (0 + -4)).
3
-7 + 6 + 1 + (0 - 5)
-5
Evaluate 47 - 49 - (1 + 2).
-5
What is the value of -8 + 1 + (3 - 3) + 3?
-4
Evaluate -9 - (6 + -19 + 5).
-1
Evaluate 1 + 12 + -17 + 9.
5
What is -2 + 0 + (21 - 28 - -5)?
-4
Evaluate 6 + -3 + (2 - (0 + 2)).
3
What is the value of -1 + 0 + -1 - -2?
0
What is the value of 0 + 0 + -1 - (-33 - -26)?
6
(4 - (-4 + (1 - -9))) + -3
-5
Evaluate 11 - (13 + -10) - (-1 + 8).
1
What is (1 - (1 + 9)) + 17?
8
What is 3 + 1 + -1 + -1?
2
What is -5 - (-4 + -6 + 3)?
2
What is the value of -34 + 28 + 1 + -3 + 7?
-1
Calculate 3 - (-7 - -14 - -1).
-5
What is -6 - (-4 + -2) - -7?
7
What is the value of 4 - (9 + -6) - -5?
6
What is -11 + 5 + 4 - 2?
-4
Evaluate -9 + (-3 - -8) - (-1 + -3).
0
Evaluate (0 - 8) + 107 + -94.
5
What is the value of 6 + (6 - 19) + 5?
-2
What is the value of -9 + 12 + (0 - 3)?
0
What is (6 + -2 - 8) + 3?
-1
(9 - -1) + -9 + 4
5
What is -1 - (0 + 1 + 1)?
-3
(-3 - 6 - -13) + -9
-5
Calculate (-2 - 2) + (-9 - -12).
-1
What is 1 - (-7 + 2 + 2)?
4
What is the value of 0 + 1 + -9 + 0 + 7?
-1
What is 5 + 0 + (1 - 12 - -12)?
6
Evaluate 4 + 3 + -8 - 3.
-4
Calculate -22 - -24 - (1 - 2 - 1).
4
Calculate (0 - (0 + 4)) + 2.
-2
What is -2 - (2 + -3) - -3 - 0?
2
What is the value of 1 - (3 - (0 - (-3 - 2)))?
3
What is the value of -3 - (5 + -9 + 2)?
-1
2 - (8 - (5 - 0))
-1
What is -2 - ((-6 - -7) + 4 + -2)?
-5
(0 + -3 - (11 + -5)) + 2
-7
Calculate -1 - (-8 + (4 - 4)).
7
Evaluate (12 - 16) + (-1 - -5).
0
What is the value of 2 + 4 - (-9 + 14)?
1
Calculate 7 - 2 - (10 - 3) - 7.
-9
Evaluate -1 - ((-1 + 8 - 5) + -3).
0
What is -5 + (14 + -3 - (1 - 1))?
6
3 + (2 + -8 -